40e9 (base 15) to base 12
a5163
Convert -102200122012 (base 3) to base 15.
-4829e
-23140662 (base 8) to base 6
-255452310
2010022120 (base 3) to base 12
20220
Convert 1734177 (base 8) to base 7.
4205112
4326055 (base 7) to base 15
a6647
Convert -22331021 (base 5) to base 4.
-300203212
Convert -100560 (base 10) to base 11.
-69609
Convert -101003331213 (base 4) to base 3.
-22102020100210
What is -143b03d (base 14) in base 11?
-5601728
253349 (base 12) to base 15
beccc
Convert 111dee (base 16) to base 5.
241344044
What is 3e961 (base 15) in base 8?
611031
11565400 (base 7) to base 13
2a60ca
Convert -13aa16 (base 16) to base 15.
-1a6ca1
What is -111000100000101101000 (base 2) in base 12?
-753748
What is 295960 (base 10) in base 5?
33432320
Convert -b7244 (base 13) to base 4.
-1100203120
What is 220201210121 (base 3) in base 16?
76daa
Convert 10314234 (base 5) to base 12.
433b2
Convert -647c5 (base 15) to base 10.
-319010
What is -3022002012 (base 4) in base 14?
-177810
What is eb7140 (base 15) in base 7?
164205102
Convert -bb89 (base 13) to base 6.
-321003
Convert 156404 (base 8) to base 13.
1c9a4
What is 1011111111101101001011 (base 2) in base 5?
1301111043
Convert 226654 (base 13) to base 11.
506606
-1000010101001100010 (base 2) to base 9
-455426
4328738 (base 11) to base 9
15278224
Convert -351525 (base 7) to base 14.
-18d85
Convert -2782b (base 13) to base 14.
-1ccdc
Convert 200122102002211 (base 3) to base 8.
45630644
Convert -112200120 (base 4) to base 6.
-1550440
Convert 1787864 (base 10) to base 8.
6643730
What is 5b204b (base 16) in base 8?
26620113
Convert 11102212222 (base 3) to base 9.
142788
4cc6b (base 13) to base 11
98260
-1100010001101010010010 (base 2) to base 8
-14215222
Convert 122220200 (base 3) to base 15.
3d09
-104406 (base 7) to base 8
-43715
-100016330 (base 7) to base 3
-101212010011112
What is -1711394 (base 10) in base 4?
-12201310202
-1534535 (base 7) to base 8
-633142
Convert -11a50 (base 12) to base 5.
-1231324
-11010111100001110011111 (base 2) to base 7
-114013115
-11220020112120 (base 3) to base 13
-7019bb
Convert -10944 (base 16) to base 11.
-47025
What is -45540213 (base 6) in base 14?
-28525b
What is -5737a89 (base 11) in base 15?
-d34ade
What is 3310345 (base 6) in base 4?
220031321
What is -7f2c1f (base 16) in base 14?
-116d43d
-d6055 (base 15) to base 11
-423808
114161 (base 7) to base 3
1001100122
What is 110001 (base 15) in base 5?
201410001
-102101021301 (base 4) to base 2
-10010010001001001110001
What is -1220311 (base 5) in base 11?
-16487
10111111101101010 (base 2) to base 13
358a4
Convert -1013140431 (base 6) to base 8.
-50060603
What is -101010110000110 (base 2) in base 4?
-11112012
e3899 (base 16) to base 3
1202100110021
-201230306 (base 7) to base 8
-54454435
What is -1110110110001000000111 (base 2) in base 12?
-137819b
Convert 3431132 (base 5) to base 14.
1854d
What is 2967122 (base 11) in base 7?
61156220
What is -3310230312 (base 4) in base 16?
-f4b36
What is -5712 (base 9) in base 4?
-1001333
Convert -2211221000 (base 3) to base 9.
-84830
What is -111020101121202 (base 3) in base 14?
-d11897
Convert -1c242 (base 13) to base 4.
-31200111
What is e94950 (base 15) in base 9?
22801653
40130 (base 14) to base 15
30902
Convert -3175103 (base 8) to base 3.
-1121012122222
-21312033 (base 6) to base 10
-631605
What is 101102222020 (base 3) in base 7?
1514202
What is 50052664 (base 7) in base 16?
3f07ba
Convert 846355 (base 12) to base 16.
1fce71
Convert 116174 (base 8) to base 2.
1001110001111100
What is -212121011222202 (base 3) in base 15?
-117b0de
What is 1094b2 (base 12) in base 13?
9387b
-111200012112002 (base 3) to base 15
-988302
What is -11f8ad (base 16) in base 7?
-13003512
What is -2333441 (base 7) in base 4?
-1013310200
What is 12212133 (base 5) in base 3?
12220212102
-62540550 (base 7) to base 3
-100220202201210
1343618 (base 10) to base 7
14264153
-730871 (base 12) to base 16
-1b8bd5
What is -6890b (base 13) in base 12?
-9228a
1100100000001011 (base 2) to base 7
302206
What is -603511 (base 8) in base 6?
-4130505
Convert 8a252a (base 15) to base 11.
37a05a0
What is 5880e (base 15) in base 12?
1171ab
What is -77493 (base 11) in base 2?
-11011011100000110
What is 210872 (base 10) in base 16?
337b8
What is 1544622 (base 8) in base 15?
8bbe8
Convert 11111101010010101100001 (base 2) to base 5.
4111043443
What is 102024023 (base 6) in base 14?
343539
Convert 152983 (base 13) to base 5.
113120440
Convert 15102052 (base 8) to base 13.
936718
What is 37ebe (base 15) in base 14?
49257
83840 (base 9) to base 7
320253
-21c98 (base 16) to base 8
-416230
What is -3480837 (base 9) in base 6?
-104212441
What is 6268214 (base 10) in base 2?
10111111010010100110110
What is -1a80555 (base 11) in base 14?
-671664
-12201100200102 (base 3) to base 14
-591332
What is 2344271 (base 11) in base 10?
4090483
-25766 (base 14) to base 10
-92014
What is 602217 (base 8) in base 12?
96553
Convert 1c16c (base 13) to base 14.
1617a
Convert 5a828 (base 14) to base 9.
366283
Convert 781990 (base 11) to base 3.
2100100120100
-15636 (base 8) to base 4
-1232132
-5994035 (base 10) to base 7
-101643215
-112010202120120 (base 3) to base 12
-2624613
What is -1243143 (base 8) in base 9?
-576180
What is -2424243 (base 6) in base 11?
-88168
Convert -1ac7b1 (base 16) to base 12.
-7077a9
What is 56fe92 (base 16) in base 2?
10101101111111010010010
Convert -402102300 (base 5) to base 6.
-54122240
2121020023 (base 4) to base 6
21235431
-2158b (base 14) to base 13
-2a951
Convert -1a896 (base 13) to base 5.
-3131011
353226 (base 7) to base 10
63573
10000101011101101000 (base 2) to base 16
85768
What is -3c1640 (base 14) in base 3?
-10220121002021
What is 230001 (base 5) in base 10?
8126
What is 27dd34 (base 15) in base 10?
1919974
-617042 (base 11) to base 10
-990310
Convert -3044177 (base 8) to base 11.
-4aa890
10011100011110101111010 (base 2) to base 15
6b4416
Convert 280db0 (base 15) to base 8.
7263270
Convert -77217064 (base 8) to base 15.
-16ca0e5
What is 10111101110010011100 (base 2) in base 14?
163428
Convert -1211212120 (base 3) to base 9.
-54776
-23790a5 (base 13) to base 8
-51723504
What is -31d90 (base 14) in base 4?
-131131122
Convert 15201522 (base 9) to base 15.
9e4c6b
Convert 1366122 (base 7) to base 14.
4b3b9
20220220221 (base 3) to base 8
412113
What is -210115601 (base 7) in base 5?
-11131434423
-17383675 (base 9) to base 15
-b78422
Convert 425626 (base 7) to base 6.
1330511
What is -22032030223 (base 4) in base 9?
-5033637
a6461 (base 14) to base 6
12334433
What is -33353223 (base 6) in base 9?
-1808806
Convert -1e639 (base 15) to base 16.
-183cf
213213312 (base 4) to base 10
162294
Convert 1265f (base 16) to base 2.
10010011001011111
What is 441140 (base 7) in base 3?
10220222012
14a40 (base 14) to base 7
302610
13407d (base 15) to base 16
e1cc4
Convert -1201850 (base 12) to base 4.
-31103031330
Convert -4000403 (base 5) to base 2.
-1111010010001011
What is 350421 (base 10) in base 7?
2656431
What is -41d73 (base 15) in base 8?
-630014
10111120330 (base 4) to base 9
2121501
-624b010 (base 12) to base 5
-14214444112
Convert 65910 (base 12) to base 16.
20cdc
Convert 71704 (base 13) to base 3.
101022220001
-a1a0 (base 14) to base 6
-332332
Convert 66450 (base 10) to base 8.
201622
Convert -442002030 (base 5) to base 3.
-10120212020200
What is -10011000100000101000100 (base 2) in base 7?
-60322544
What is 53ba7 (base 12) in base 14?
2c423
Convert 45306110 (base 7) to base 6.
220201212
Convert a4707a (base 13) to base 16.
3aa25e
What is -133352 (base 7) in base 15?
-7718
What is -102233 (base 9) in base 11?
-41671
-121112221020210 (base 3) to base 9
-17487223
307466 (base 11) to base 7
4122252
Convert 278825 (base 11) to base 4.
1222200020
1200412021 (base 5) to base 6
134521041
-4041434 (base 5) to base 14
-19ac4
411340 (base 5) to base 4
3100201
-63237 (base 8) to base 12
-13253
Convert -145236 (base 9) to base 14.
-246a9
What is 568446 (base 10) in base 13?
16b978
What is 2c61ac (base 14) in base 13?
425104
-10131441240 (base 5) to base 4
-213300103011
-14a1b (base 13) to base 10
-39063
Convert 33322300 (base 5) to base 2.
1000111010101101000
Convert 36830 (base 13) to base 9.
162465
What is 72076a (base 14) in base 7?
44